{"id":1903,"date":"2021-10-15T14:35:43","date_gmt":"2021-10-15T12:35:43","guid":{"rendered":"https:\/\/www.marktplatz-hsw.de\/?page_id=1903"},"modified":"2026-02-23T10:33:32","modified_gmt":"2026-02-23T09:33:32","slug":"termine-anzeigenpreise","status":"publish","type":"page","link":"https:\/\/www.marktplatz-hsw.de\/index.php\/termine-anzeigenpreise\/","title":{"rendered":"Mediadaten \/\/ Termine + Preise"},"content":{"rendered":"<p>Marktplatz (blau) und Sp\u00f6kenkieker (rot) Termine f\u00fcr 2026:<\/p>\n<p><img loading=\"lazy\" decoding=\"async\" class=\"alignnone wp-image-13154 size-full\" src=\"https:\/\/www.marktplatz-hsw.de\/wp-content\/uploads\/2026\/02\/Bildschirmfoto-2026-02-23-um-10.30.13-scaled.png\" alt=\"\" width=\"2560\" height=\"1793\" srcset=\"https:\/\/www.marktplatz-hsw.de\/wp-content\/uploads\/2026\/02\/Bildschirmfoto-2026-02-23-um-10.30.13-scaled.png 2560w, https:\/\/www.marktplatz-hsw.de\/wp-content\/uploads\/2026\/02\/Bildschirmfoto-2026-02-23-um-10.30.13-300x210.png 300w, https:\/\/www.marktplatz-hsw.de\/wp-content\/uploads\/2026\/02\/Bildschirmfoto-2026-02-23-um-10.30.13-1024x717.png 1024w, https:\/\/www.marktplatz-hsw.de\/wp-content\/uploads\/2026\/02\/Bildschirmfoto-2026-02-23-um-10.30.13-768x538.png 768w, https:\/\/www.marktplatz-hsw.de\/wp-content\/uploads\/2026\/02\/Bildschirmfoto-2026-02-23-um-10.30.13-1536x1076.png 1536w, https:\/\/www.marktplatz-hsw.de\/wp-content\/uploads\/2026\/02\/Bildschirmfoto-2026-02-23-um-10.30.13-2048x1435.png 2048w\" sizes=\"auto, (max-width: 2560px) 100vw, 2560px\" \/><\/p>\n<p><img loading=\"lazy\" decoding=\"async\" class=\"alignnone size-full wp-image-12179\" src=\"https:\/\/www.marktplatz-hsw.de\/wp-content\/uploads\/2025\/10\/Bildschirmfoto-2025-10-24-um-12.34.40.png\" alt=\"\" width=\"1590\" height=\"2256\" srcset=\"https:\/\/www.marktplatz-hsw.de\/wp-content\/uploads\/2025\/10\/Bildschirmfoto-2025-10-24-um-12.34.40.png 1590w, https:\/\/www.marktplatz-hsw.de\/wp-content\/uploads\/2025\/10\/Bildschirmfoto-2025-10-24-um-12.34.40-211x300.png 211w, https:\/\/www.marktplatz-hsw.de\/wp-content\/uploads\/2025\/10\/Bildschirmfoto-2025-10-24-um-12.34.40-722x1024.png 722w, https:\/\/www.marktplatz-hsw.de\/wp-content\/uploads\/2025\/10\/Bildschirmfoto-2025-10-24-um-12.34.40-768x1090.png 768w, https:\/\/www.marktplatz-hsw.de\/wp-content\/uploads\/2025\/10\/Bildschirmfoto-2025-10-24-um-12.34.40-1083x1536.png 1083w, https:\/\/www.marktplatz-hsw.de\/wp-content\/uploads\/2025\/10\/Bildschirmfoto-2025-10-24-um-12.34.40-1443x2048.png 1443w\" sizes=\"auto, (max-width: 1590px) 100vw, 1590px\" \/><\/p>\n<p><img loading=\"lazy\" decoding=\"async\" class=\"alignnone size-full wp-image-12178\" src=\"https:\/\/www.marktplatz-hsw.de\/wp-content\/uploads\/2025\/10\/Bildschirmfoto-2025-10-24-um-12.34.49.png\" alt=\"\" width=\"1594\" height=\"2256\" srcset=\"https:\/\/www.marktplatz-hsw.de\/wp-content\/uploads\/2025\/10\/Bildschirmfoto-2025-10-24-um-12.34.49.png 1594w, https:\/\/www.marktplatz-hsw.de\/wp-content\/uploads\/2025\/10\/Bildschirmfoto-2025-10-24-um-12.34.49-212x300.png 212w, https:\/\/www.marktplatz-hsw.de\/wp-content\/uploads\/2025\/10\/Bildschirmfoto-2025-10-24-um-12.34.49-724x1024.png 724w, https:\/\/www.marktplatz-hsw.de\/wp-content\/uploads\/2025\/10\/Bildschirmfoto-2025-10-24-um-12.34.49-768x1087.png 768w, https:\/\/www.marktplatz-hsw.de\/wp-content\/uploads\/2025\/10\/Bildschirmfoto-2025-10-24-um-12.34.49-1085x1536.png 1085w, https:\/\/www.marktplatz-hsw.de\/wp-content\/uploads\/2025\/10\/Bildschirmfoto-2025-10-24-um-12.34.49-1447x2048.png 1447w\" sizes=\"auto, (max-width: 1594px) 100vw, 1594px\" \/><\/p>\n<p>Hier k\u00f6nnen Sie unsere Mediadaten 2026 als PDF Datei laden: <a href=\"https:\/\/www.marktplatz-hsw.de\/wp-content\/uploads\/2025\/10\/Mediadaten-2026-Marktplatz-HSW.pdf\">Mediadaten 2026 Marktplatz HSW<\/a><\/p>\n<p><img loading=\"lazy\" decoding=\"async\" class=\"alignnone size-full wp-image-12181\" src=\"https:\/\/www.marktplatz-hsw.de\/wp-content\/uploads\/2025\/10\/Bildschirmfoto-2025-10-24-um-12.34.16.png\" alt=\"\" width=\"1590\" height=\"2292\" srcset=\"https:\/\/www.marktplatz-hsw.de\/wp-content\/uploads\/2025\/10\/Bildschirmfoto-2025-10-24-um-12.34.16.png 1590w, https:\/\/www.marktplatz-hsw.de\/wp-content\/uploads\/2025\/10\/Bildschirmfoto-2025-10-24-um-12.34.16-208x300.png 208w, https:\/\/www.marktplatz-hsw.de\/wp-content\/uploads\/2025\/10\/Bildschirmfoto-2025-10-24-um-12.34.16-710x1024.png 710w, https:\/\/www.marktplatz-hsw.de\/wp-content\/uploads\/2025\/10\/Bildschirmfoto-2025-10-24-um-12.34.16-768x1107.png 768w, https:\/\/www.marktplatz-hsw.de\/wp-content\/uploads\/2025\/10\/Bildschirmfoto-2025-10-24-um-12.34.16-1066x1536.png 1066w, https:\/\/www.marktplatz-hsw.de\/wp-content\/uploads\/2025\/10\/Bildschirmfoto-2025-10-24-um-12.34.16-1421x2048.png 1421w\" sizes=\"auto, (max-width: 1590px) 100vw, 1590px\" \/><\/p>\n<p><img loading=\"lazy\" decoding=\"async\" class=\"alignnone size-full wp-image-12180\" src=\"https:\/\/www.marktplatz-hsw.de\/wp-content\/uploads\/2025\/10\/Bildschirmfoto-2025-10-24-um-12.34.29.png\" alt=\"\" width=\"1542\" height=\"1344\" srcset=\"https:\/\/www.marktplatz-hsw.de\/wp-content\/uploads\/2025\/10\/Bildschirmfoto-2025-10-24-um-12.34.29.png 1542w, https:\/\/www.marktplatz-hsw.de\/wp-content\/uploads\/2025\/10\/Bildschirmfoto-2025-10-24-um-12.34.29-300x261.png 300w, https:\/\/www.marktplatz-hsw.de\/wp-content\/uploads\/2025\/10\/Bildschirmfoto-2025-10-24-um-12.34.29-1024x893.png 1024w, https:\/\/www.marktplatz-hsw.de\/wp-content\/uploads\/2025\/10\/Bildschirmfoto-2025-10-24-um-12.34.29-768x669.png 768w, https:\/\/www.marktplatz-hsw.de\/wp-content\/uploads\/2025\/10\/Bildschirmfoto-2025-10-24-um-12.34.29-1536x1339.png 1536w\" sizes=\"auto, (max-width: 1542px) 100vw, 1542px\" \/><\/p>\n","protected":false},"excerpt":{"rendered":"<div class=\"mh-excerpt\"><p>Marktplatz (blau) und Sp\u00f6kenkieker (rot) Termine f\u00fcr 2026: Hier k\u00f6nnen Sie unsere Mediadaten 2026 als PDF Datei laden: Mediadaten 2026 Marktplatz HSW<\/p>\n<\/div>","protected":false},"author":1,"featured_media":0,"parent":0,"menu_order":0,"comment_status":"closed","ping_status":"closed","template":"","meta":{"footnotes":""},"class_list":["post-1903","page","type-page","status-publish","hentry"],"_links":{"self":[{"href":"https:\/\/www.marktplatz-hsw.de\/index.php\/wp-json\/wp\/v2\/pages\/1903","targetHints":{"allow":["GET"]}}],"collection":[{"href":"https:\/\/www.marktplatz-hsw.de\/index.php\/wp-json\/wp\/v2\/pages"}],"about":[{"href":"https:\/\/www.marktplatz-hsw.de\/index.php\/wp-json\/wp\/v2\/types\/page"}],"author":[{"embeddable":true,"href":"https:\/\/www.marktplatz-hsw.de\/index.php\/wp-json\/wp\/v2\/users\/1"}],"replies":[{"embeddable":true,"href":"https:\/\/www.marktplatz-hsw.de\/index.php\/wp-json\/wp\/v2\/comments?post=1903"}],"version-history":[{"count":21,"href":"https:\/\/www.marktplatz-hsw.de\/index.php\/wp-json\/wp\/v2\/pages\/1903\/revisions"}],"predecessor-version":[{"id":13155,"href":"https:\/\/www.marktplatz-hsw.de\/index.php\/wp-json\/wp\/v2\/pages\/1903\/revisions\/13155"}],"wp:attachment":[{"href":"https:\/\/www.marktplatz-hsw.de\/index.php\/wp-json\/wp\/v2\/media?parent=1903"}],"curies":[{"name":"wp","href":"https:\/\/api.w.org\/{rel}","templated":true}]}}