{"id":14879,"date":"2026-09-03T11:11:40","date_gmt":"2026-09-03T09:11:40","guid":{"rendered":"https:\/\/www.marktplatz-hsw.de\/?post_type=tribe_events&#038;p=14879"},"modified":"2026-09-03T11:11:40","modified_gmt":"2026-09-03T09:11:40","slug":"spd-kreistagsfraktion-laedt-zur-telefonischen-buergersprechstunde-ein","status":"publish","type":"tribe_events","link":"https:\/\/www.marktplatz-hsw.de\/index.php\/event\/spd-kreistagsfraktion-laedt-zur-telefonischen-buergersprechstunde-ein\/","title":{"rendered":"SPD-Kreistagsfraktion l\u00e4dt zur telefonischen B\u00fcrgersprechstunde ein"},"content":{"rendered":"<p>Die SPD-Kreistagsfraktion G\u00fctersloh bietet am Mittwoch, 9. September 2026, von 17 bis 18 Uhr eine telefonische B\u00fcrgersprechstunde an. Ansprechpartner ist Uwe Hasler, Mitglied des Kreistages und Sprecher der SPD-Kreistagsfraktion f\u00fcr den Bereich Gesundheit.<\/p>\n<p>\u201eUns ist wichtig, mit den B\u00fcrgerinnen und B\u00fcrgern im Kreis G\u00fctersloh unmittelbar im Gespr\u00e4ch zu bleiben. Gerade Fragen rund um Gesundheit, medizinische Versorgung und die Aufgaben des Kreises besch\u00e4ftigen viele Menschen\u201c, erkl\u00e4rt die Vorsitzende der SPD-Kreistagsfraktion. \u201eDie B\u00fcrgersprechstunde bietet die Gelegenheit, Anliegen direkt anzusprechen, Fragen zu stellen und Hinweise f\u00fcr unsere politische Arbeit mitzugeben.\u201c<\/p>\n<p>Uwe Hasler steht w\u00e4hrend der Sprechstunde f\u00fcr Fragen, Anregungen und Hinweise zur Verf\u00fcgung. Dabei k\u00f6nnen sowohl konkrete Anliegen aus dem Bereich Gesundheit als auch weitere kreispolitische Themen angesprochen werden.<\/p>\n<p>Die telefonische B\u00fcrgersprechstunde findet am 9. September 2026 von 17 bis 18 Uhr statt. Uwe Hasler ist in dieser Zeit unter der Telefonnummer 0157 81299125 erreichbar.<\/p>\n<p>Die SPD-Kreistagsfraktion m\u00f6chte mit ihren regelm\u00e4\u00dfigen B\u00fcrgersprechstunden den direkten Austausch mit den Menschen im Kreis G\u00fctersloh st\u00e4rken und Anregungen aus den St\u00e4dten und Gemeinden in ihre Arbeit im Kreistag aufnehmen.<\/p>\n<figure id=\"attachment_14881\" aria-describedby=\"caption-attachment-14881\" style=\"width: 600px\" class=\"wp-caption alignnone\"><img loading=\"lazy\" decoding=\"async\" class=\"size-full wp-image-14881\" src=\"https:\/\/www.marktplatz-hsw.de\/wp-content\/uploads\/2026\/09\/600-600-max.jpg\" alt=\"\" width=\"600\" height=\"600\" srcset=\"https:\/\/www.marktplatz-hsw.de\/wp-content\/uploads\/2026\/09\/600-600-max.jpg 600w, https:\/\/www.marktplatz-hsw.de\/wp-content\/uploads\/2026\/09\/600-600-max-300x300.jpg 300w, https:\/\/www.marktplatz-hsw.de\/wp-content\/uploads\/2026\/09\/600-600-max-150x150.jpg 150w\" sizes=\"auto, (max-width: 600px) 100vw, 600px\" \/><figcaption id=\"caption-attachment-14881\" class=\"wp-caption-text\">Uwe Hasler, Mitglied des Kreistages und Sprecher der SPD-Kreistagsfraktion f\u00fcr den Bereich Gesundheit. (Foto: SDP)<\/figcaption><\/figure>\n","protected":false},"excerpt":{"rendered":"<div class=\"mh-excerpt\"><p>Die SPD-Kreistagsfraktion G\u00fctersloh bietet am Mittwoch, 9. September 2026, von 17 bis 18 Uhr eine telefonische B\u00fcrgersprechstunde an. Ansprechpartner ist Uwe Hasler, Mitglied des Kreistages und Sprecher der SPD-Kreistagsfraktion f\u00fcr den Bereich Gesundheit. \u201eUns ist wichtig, mit den B\u00fcrgerinnen und B\u00fcrgern im Kreis G\u00fctersloh unmittelbar im Gespr\u00e4ch zu bleiben. Gerade Fragen rund um Gesundheit, medizinische <a class=\"mh-excerpt-more\" href=\"https:\/\/www.marktplatz-hsw.de\/index.php\/event\/spd-kreistagsfraktion-laedt-zur-telefonischen-buergersprechstunde-ein\/\" title=\"SPD-Kreistagsfraktion l\u00e4dt zur telefonischen B\u00fcrgersprechstunde ein\">[&#8230;]<\/a><\/p>\n<\/div>","protected":false},"author":1,"featured_media":14881,"template":"","meta":{"_tribe_events_status":"","_tribe_events_status_reason":"","footnotes":""},"tags":[],"tribe_events_cat":[],"class_list":["post-14879","tribe_events","type-tribe_events","status-publish","has-post-thumbnail","hentry"],"_links":{"self":[{"href":"https:\/\/www.marktplatz-hsw.de\/index.php\/wp-json\/wp\/v2\/tribe_events\/14879","targetHints":{"allow":["GET"]}}],"collection":[{"href":"https:\/\/www.marktplatz-hsw.de\/index.php\/wp-json\/wp\/v2\/tribe_events"}],"about":[{"href":"https:\/\/www.marktplatz-hsw.de\/index.php\/wp-json\/wp\/v2\/types\/tribe_events"}],"author":[{"embeddable":true,"href":"https:\/\/www.marktplatz-hsw.de\/index.php\/wp-json\/wp\/v2\/users\/1"}],"version-history":[{"count":1,"href":"https:\/\/www.marktplatz-hsw.de\/index.php\/wp-json\/wp\/v2\/tribe_events\/14879\/revisions"}],"predecessor-version":[{"id":14882,"href":"https:\/\/www.marktplatz-hsw.de\/index.php\/wp-json\/wp\/v2\/tribe_events\/14879\/revisions\/14882"}],"wp:featuredmedia":[{"embeddable":true,"href":"https:\/\/www.marktplatz-hsw.de\/index.php\/wp-json\/wp\/v2\/media\/14881"}],"wp:attachment":[{"href":"https:\/\/www.marktplatz-hsw.de\/index.php\/wp-json\/wp\/v2\/media?parent=14879"}],"wp:term":[{"taxonomy":"post_tag","embeddable":true,"href":"https:\/\/www.marktplatz-hsw.de\/index.php\/wp-json\/wp\/v2\/tags?post=14879"},{"taxonomy":"tribe_events_cat","embeddable":true,"href":"https:\/\/www.marktplatz-hsw.de\/index.php\/wp-json\/wp\/v2\/tribe_events_cat?post=14879"}],"curies":[{"name":"wp","href":"https:\/\/api.w.org\/{rel}","templated":true}]}}

SPD-Kreistagsfraktion lädt zur telefonischen Bürgersprechstunde ein

<p>Die SPD-Kreistagsfraktion Gütersloh bietet am Mittwoch, 9. September 2026, von 17 bis 18 Uhr eine telefonische Bürgersprechstunde an. Ansprechpartner ist Uwe Hasler, Mitglied des Kreistages und Sprecher der SPD-Kreistagsfraktion für den Bereich Gesundheit.</p>
<p>„Uns ist wichtig, mit den Bürgerinnen und Bürgern im Kreis Gütersloh unmittelbar im Gespräch zu bleiben. Gerade Fragen rund um Gesundheit, medizinische Versorgung und die Aufgaben des Kreises beschäftigen viele Menschen“, erklärt die Vorsitzende der SPD-Kreistagsfraktion. „Die Bürgersprechstunde bietet die Gelegenheit, Anliegen direkt anzusprechen, Fragen zu stellen und Hinweise für unsere politische Arbeit mitzugeben.“</p>
<p>Uwe Hasler steht während der Sprechstunde für Fragen, Anregungen und Hinweise zur Verfügung. Dabei können sowohl konkrete Anliegen aus dem Bereich Gesundheit als auch weitere kreispolitische Themen angesprochen werden.</p>
<p>Die telefonische Bürgersprechstunde findet am 9. September 2026 von 17 bis 18 Uhr statt. Uwe Hasler ist in dieser Zeit unter der Telefonnummer 0157 81299125 erreichbar.</p>
<p>Die SPD-Kreistagsfraktion möchte mit ihren regelmäßigen Bürgersprechstunden den direkten Austausch mit den Menschen im Kreis Gütersloh stärken und Anregungen aus den Städten und Gemeinden in ihre Arbeit im Kreistag aufnehmen.</p>
<figure id="attachment_14881" aria-describedby="caption-attachment-14881" style="width: 600px" class="wp-caption alignnone"><img loading="lazy" decoding="async" class="size-full wp-image-14881" src="https://www.marktplatz-hsw.de/wp-content/uploads/2026/09/600-600-max.jpg" alt="" width="600" height="600" srcset="https://www.marktplatz-hsw.de/wp-content/uploads/2026/09/600-600-max.jpg 600w, https://www.marktplatz-hsw.de/wp-content/uploads/2026/09/600-600-max-300x300.jpg 300w, https://www.marktplatz-hsw.de/wp-content/uploads/2026/09/600-600-max-150x150.jpg 150w" sizes="auto, (max-width: 600px) 100vw, 600px" /><figcaption id="caption-attachment-14881" class="wp-caption-text">Uwe Hasler, Mitglied des Kreistages und Sprecher der SPD-Kreistagsfraktion für den Bereich Gesundheit. (Foto: SDP)</figcaption></figure>

<div class="mh-excerpt"><p>Die SPD-Kreistagsfraktion Gütersloh bietet am Mittwoch, 9. September 2026, von 17 bis 18 Uhr eine telefonische Bürgersprechstunde an. Ansprechpartner ist Uwe Hasler, Mitglied des Kreistages und Sprecher der SPD-Kreistagsfraktion für den Bereich Gesundheit. „Uns ist wichtig, mit den Bürgerinnen und Bürgern im Kreis Gütersloh unmittelbar im Gespräch zu bleiben. Gerade Fragen rund um Gesundheit, medizinische <a class="mh-excerpt-more" href="https://www.marktplatz-hsw.de/index.php/event/spd-kreistagsfraktion-laedt-zur-telefonischen-buergersprechstunde-ein/" title="SPD-Kreistagsfraktion lädt zur telefonischen Bürgersprechstunde ein">[&#8230;]</a></p>
</div>
